{"id":16,"date":"2018-11-01T09:37:13","date_gmt":"2018-11-01T09:37:13","guid":{"rendered":"http:\/\/neu.events-tours.de\/?page_id=16"},"modified":"2018-11-27T09:34:37","modified_gmt":"2018-11-27T09:34:37","slug":"vita","status":"publish","type":"page","link":"https:\/\/events-tours.de\/?page_id=16","title":{"rendered":"Vita"},"content":{"rendered":"<div class=\"wpb-content-wrapper\"><p>[vc_row][vc_column][vc_column_text css=&#8220;.vc_custom_1541081025307{margin-top: 75px !important;}&#8220;]<\/p>\n<h1>Vita<\/h1>\n<p>[\/vc_column_text][\/vc_column][\/vc_row][vc_row][vc_column width=&#8220;2\/3&#8243;][vc_column_text]<\/p>\n<h3>Ausbildung<\/h3>\n<p><strong>1980 \u2013 1984 &nbsp;&nbsp;&nbsp;&nbsp;&nbsp;&nbsp;&nbsp;&nbsp;&nbsp;&nbsp;&nbsp;&nbsp;&nbsp;&nbsp;&nbsp;&nbsp;&nbsp;<\/strong><\/p>\n<p>Hochschulstudium \u201e\u00d6konomie des Fremdenverkehrs\u201c mit Diplomabschlu\u00df in Dresden zum Diplomingenieur\u00f6konom<\/p>\n<p><strong>1994 \u2013 1996&nbsp;&nbsp;&nbsp;&nbsp;&nbsp;&nbsp;&nbsp;&nbsp;&nbsp;&nbsp;&nbsp;&nbsp;&nbsp;&nbsp;&nbsp;&nbsp;&nbsp;&nbsp;<\/strong><\/p>\n<p>Zusatzstudium Kultur- und Medienmanagement an der Hochschule f\u00fcr Musik\u201eHanns Eisler\u201c; Abschlu\u00df Diplom-Kulturmanagerin<\/p>\n<p>&nbsp;<\/p>\n<h3>&nbsp;<\/h3>\n<h3>T\u00e4tigkeit<\/h3>\n<p><strong>Seit 1990<\/strong><\/p>\n<p>Freiberufliche Stadtf\u00fchrerin mit Zertifikat durch den Bundesverband der G\u00e4stef\u00fchrer in Deutschland e.V.<\/p>\n<p><strong>1999<\/strong><\/p>\n<p>F\u00fchrungslizenzen bei der Stiftung Preu\u00dfische Schl\u00f6sser und G\u00e4rten Berlin-Brandenburg, u.a. Schlo\u00df Sanssouci, Neues Palais, Neue Kammern, Schlo\u00df Charlottenhof, Schlo\u00df Cecilienhof, Schlo\u00df Babelsberg, Bildergalerie, Schlo\u00df Charlottenburg,&nbsp;F\u00fchrungslizenz Pergamon-Museum, Altes Museum<\/p>\n<p><strong>seit 1995<\/strong><\/p>\n<p>neben F\u00fchrungen auch Planung und Durchf\u00fchrung von Events: Festliche Abendveranstaltungen f\u00fcr zahlreiche Unternehmen und Privatpersonen[\/vc_column_text][\/vc_column][vc_column width=&#8220;1\/3&#8243;][vc_single_image image=&#8220;323&#8243; img_size=&#8220;250&#215;250&#8243; alignment=&#8220;center&#8220; style=&#8220;vc_box_circle&#8220;][vc_column_text]<\/p>\n<p style=\"text-align: center;\">Kerstin Schellhorn-Piontek<\/p>\n<p style=\"text-align: center;\">Lizensierte Stadtf\u00fchrerin durch den BVGD in Berlin &amp; Potsdam<\/p>\n<p>[\/vc_column_text][\/vc_column][\/vc_row]<\/p>\n<\/div>","protected":false},"excerpt":{"rendered":"<p>[vc_row][vc_column][vc_column_text css=&#8220;.vc_custom_1541081025307{margin-top: 75px !important;}&#8220;] Vita [\/vc_column_text][\/vc_column][\/vc_row][vc_row][vc_column width=&#8220;2\/3&#8243;][vc_column_text] Ausbildung 1980 \u2013 1984 &nbsp;&nbsp;&nbsp;&nbsp;&nbsp;&nbsp;&nbsp;&nbsp;&nbsp;&nbsp;&nbsp;&nbsp;&nbsp;&nbsp;&nbsp;&nbsp;&nbsp; Hochschulstudium \u201e\u00d6konomie des Fremdenverkehrs\u201c mit Diplomabschlu\u00df in Dresden zum Diplomingenieur\u00f6konom 1994 \u2013 1996&nbsp;&nbsp;&nbsp;&nbsp;&nbsp;&nbsp;&nbsp;&nbsp;&nbsp;&nbsp;&nbsp;&nbsp;&nbsp;&nbsp;&nbsp;&nbsp;&nbsp;&nbsp; Zusatzstudium Kultur- und Medienmanagement an der Hochschule f\u00fcr Musik\u201eHanns Eisler\u201c; Abschlu\u00df Diplom-Kulturmanagerin &nbsp; &nbsp; T\u00e4tigkeit Seit 1990 Freiberufliche Stadtf\u00fchrerin mit Zertifikat durch den Bundesverband der G\u00e4stef\u00fchrer in Deutschland e.V. 1999&hellip;<\/p>\n","protected":false},"author":1,"featured_media":0,"parent":0,"menu_order":0,"comment_status":"closed","ping_status":"closed","template":"","meta":{"ngg_post_thumbnail":0,"footnotes":""},"_links":{"self":[{"href":"https:\/\/events-tours.de\/index.php?rest_route=\/wp\/v2\/pages\/16"}],"collection":[{"href":"https:\/\/events-tours.de\/index.php?rest_route=\/wp\/v2\/pages"}],"about":[{"href":"https:\/\/events-tours.de\/index.php?rest_route=\/wp\/v2\/types\/page"}],"author":[{"embeddable":true,"href":"https:\/\/events-tours.de\/index.php?rest_route=\/wp\/v2\/users\/1"}],"replies":[{"embeddable":true,"href":"https:\/\/events-tours.de\/index.php?rest_route=%2Fwp%2Fv2%2Fcomments&post=16"}],"version-history":[{"count":7,"href":"https:\/\/events-tours.de\/index.php?rest_route=\/wp\/v2\/pages\/16\/revisions"}],"predecessor-version":[{"id":460,"href":"https:\/\/events-tours.de\/index.php?rest_route=\/wp\/v2\/pages\/16\/revisions\/460"}],"wp:attachment":[{"href":"https:\/\/events-tours.de\/index.php?rest_route=%2Fwp%2Fv2%2Fmedia&parent=16"}],"curies":[{"name":"wp","href":"https:\/\/api.w.org\/{rel}","templated":true}]}}