{"id":12,"date":"2018-11-01T09:36:42","date_gmt":"2018-11-01T09:36:42","guid":{"rendered":"http:\/\/neu.events-tours.de\/?page_id=12"},"modified":"2018-11-14T13:27:02","modified_gmt":"2018-11-14T13:27:02","slug":"bootstouren","status":"publish","type":"page","link":"https:\/\/events-tours.de\/?page_id=12","title":{"rendered":"Bootstouren"},"content":{"rendered":"<div class=\"wpb-content-wrapper\"><p>[vc_row type=&#8220;vc_default&#8220; css=&#8220;.vc_custom_1541086356416{margin-top: 75px !important;}&#8220; anchor=&#8220;#0&#8243;][vc_column][vc_column_text]<\/p>\n<h1>Bootstouren mit der Motoryacht &#8222;Sunshine&#8220;<\/h1>\n<p>[\/vc_column_text][\/vc_column][\/vc_row][vc_row][vc_column width=&#8220;1\/2&#8243;]<div class=\"uavc-list-icon uavc-list-icon-wrapper ult-adjust-bottom-margin   \"><ul class=\"uavc-list\"><li><div class=\"uavc-list-content\" id=\"list-icon-wrap-6309\">\n<div class=\"uavc-list-icon  \" data-animation=\"\" data-animation-delay=\"03\" style=\"margin-right:24px;\"><div class=\"ult-just-icon-wrapper  \"><div class=\"align-icon\" style=\"text-align:center;\">\n<div class=\"aio-icon circle \"  style=\"color:#ffffff;background:#e63f8f;font-size:14px;display:inline-block;\">\n\t<i class=\"Defaults-chevron-right\"><\/i>\n<\/div><\/div><\/div>\n<\/div><span  data-ultimate-target='#list-icon-wrap-6309 .uavc-list-desc'  data-responsive-json-new='{\"font-size\":\"desktop:18px;\",\"line-height\":\"\"}'  class=\"uavc-list-desc ult-responsive\" style=\"\"><span style=\"color: #293f72;\"><a style=\"color: #293f72;\" href=\"#1\"><strong>Tour 1: Potsdam &#8211; 7 Seen Rundfahrt<\/strong><\/a><\/span><\/span><\/div><\/li><li><div class=\"uavc-list-content\" id=\"list-icon-wrap-8789\">\n<div class=\"uavc-list-icon  \" data-animation=\"\" data-animation-delay=\"03\" style=\"margin-right:24px;\"><div class=\"ult-just-icon-wrapper  \"><div class=\"align-icon\" style=\"text-align:center;\">\n<div class=\"aio-icon circle \"  style=\"color:#ffffff;background:#e63f8f;font-size:14px;display:inline-block;\">\n\t<i class=\"Defaults-chevron-right\"><\/i>\n<\/div><\/div><\/div>\n<\/div><span  data-ultimate-target='#list-icon-wrap-8789 .uavc-list-desc'  data-responsive-json-new='{\"font-size\":\"desktop:18px;\",\"line-height\":\"\"}'  class=\"uavc-list-desc ult-responsive\" style=\"\"><span style=\"color: #293f72;\"><a style=\"color: #293f72;\" href=\"#2\"><strong>Tour 2: Potsdam &#8211; Inselrundfahrt Werder<\/strong><\/a><\/span><\/span><\/div><\/li><li><div class=\"uavc-list-content\" id=\"list-icon-wrap-1315\">\n<div class=\"uavc-list-icon  \" data-animation=\"\" data-animation-delay=\"03\" style=\"margin-right:24px;\"><div class=\"ult-just-icon-wrapper  \"><div class=\"align-icon\" style=\"text-align:center;\">\n<div class=\"aio-icon circle \"  style=\"color:#ffffff;background:#e63f8f;font-size:14px;display:inline-block;\">\n\t<i class=\"Defaults-chevron-right\"><\/i>\n<\/div><\/div><\/div>\n<\/div><span  data-ultimate-target='#list-icon-wrap-1315 .uavc-list-desc'  data-responsive-json-new='{\"font-size\":\"desktop:18px;\",\"line-height\":\"\"}'  class=\"uavc-list-desc ult-responsive\" style=\"\"><span style=\"color: #293f72;\"><a style=\"color: #293f72;\" href=\"#3\"><strong>Tour 3: Berlin &#8211; &nbsp;auf der Spree und Landwehrkanal<\/strong><\/a><\/span><\/span><\/div><\/li><li><div class=\"uavc-list-content\" id=\"list-icon-wrap-7533\">\n<div class=\"uavc-list-icon  \" data-animation=\"\" data-animation-delay=\"03\" style=\"margin-right:24px;\"><div class=\"ult-just-icon-wrapper  \"><div class=\"align-icon\" style=\"text-align:center;\">\n<div class=\"aio-icon circle \"  style=\"color:#ffffff;background:#e63f8f;font-size:14px;display:inline-block;\">\n\t<i class=\"Defaults-chevron-right\"><\/i>\n<\/div><\/div><\/div>\n<\/div><span  data-ultimate-target='#list-icon-wrap-7533 .uavc-list-desc'  data-responsive-json-new='{\"font-size\":\"desktop:18px;\",\"line-height\":\"\"}'  class=\"uavc-list-desc ult-responsive\" style=\"\"><span style=\"color: #293f72;\"><a style=\"color: #293f72;\" href=\"#4\"><strong>Ausstattung der &#8222;Sunshine&#8220;<\/strong><\/a><\/span><\/span><\/div><\/li><\/ul><\/div>[\/vc_column][vc_column width=&#8220;1\/2&#8243;][vc_single_image image=&#8220;257&#8243; img_size=&#8220;full&#8220;][\/vc_column][\/vc_row][vc_row anchor=&#8220;1&#8243;][vc_column css=&#8220;.vc_custom_1541079263262{margin-top: 50px !important;}&#8220;][vc_text_separator title=&#8220;Tour 1&#8243; i_icon_fontawesome=&#8220;fa fa-anchor&#8220; i_color=&#8220;custom&#8220; color=&#8220;custom&#8220; add_icon=&#8220;true&#8220; accent_color=&#8220;#294072&#8243; i_custom_color=&#8220;#293f72&#8243;][\/vc_column][\/vc_row][vc_row][vc_column][vc_column_text]<\/p>\n<h2><span style=\"color: #e63f8f;\">Potsdam &#8211; 7 Seen Rundfahrt<\/span><\/h2>\n<p>[\/vc_column_text][\/vc_column][\/vc_row][vc_row][vc_column width=&#8220;1\/2&#8243;][vc_column_text]Der Wasserweg von der zauberhaften Landeshauptstadt Potsdam in die Metropole Berlin gleicht einer Zeitreise durch die glanzvolle Geschichte Preu\u00dfens. An der ber\u00fchmten Glienicker Br\u00fccke gehen die brandenburgische Landeshauptstadt und die deutsche Metropole \u201eflie\u00dfend\u201c ineinander \u00fcber. M\u00e4rchenhafte Schl\u00f6sser und romantische Parks reihen sich wie an einer Perlenkette auf \u2013 Babelsberg, Glienicke, Cecilienhof und die G\u00e4rten der Pfaueninsel sind nur einige davon.[\/vc_column_text][\/vc_column][vc_column width=&#8220;1\/2&#8243;][vc_column_text]Hinzu kommen elegante Villenviertel und zahlreiche Segelvereine direkt am Ufer. Manche genie\u00dfen sogar Kultstatus wie das Strandbad Wannsee. Am Jungfernsee und der Glienicker Lake treffen wir auf wechselvolle Geschichte: vom Liebesnest der Preu\u00dfischen K\u00f6nige \u00fcber das Potsdamer Abkommen, zur Deutschen Mauer. \u2013 Eine Tour f\u00fcr Kenner und Genie\u00dfer![\/vc_column_text][\/vc_column][\/vc_row][vc_row][vc_column][vc_column_text]<\/p>\nngg_shortcode_0_placeholder\n<p>[\/vc_column_text][\/vc_column][\/vc_row][vc_row anchor=&#8220;2&#8243;][vc_column css=&#8220;.vc_custom_1541079263262{margin-top: 50px !important;}&#8220;][vc_text_separator title=&#8220;Tour 2&#8243; i_icon_fontawesome=&#8220;fa fa-anchor&#8220; i_color=&#8220;custom&#8220; color=&#8220;custom&#8220; add_icon=&#8220;true&#8220; accent_color=&#8220;#294072&#8243; i_custom_color=&#8220;#293f72&#8243;][\/vc_column][\/vc_row][vc_row][vc_column][vc_column_text]<\/p>\n<h2><span style=\"color: #e63f8f;\">Potsdam &#8211; Inselrundfahrt Werder<\/span><\/h2>\n<p>[\/vc_column_text][\/vc_column][\/vc_row][vc_row][vc_column width=&#8220;1\/2&#8243;][vc_column_text]In der wald- und wasserreichen Umgebung Potsdams erholt sich seit jeher die Prominenz. So vergn\u00fcgten sich der erste Deutsche Kaiser in Babelsberg und die preu\u00dfischen Kurf\u00fcrsten im Jagdschloss Caputh. Und Albert Einstein schw\u00e4rmte in seinem Sommerhaus: \u201eKomm nach Caputh, pfeif auf die Welt.\u201c Nur wenige Kilometer entfernt, liegt auf einer malerischen Insel und umgeben von Obstplantagen der \u201ebl\u00fchende\u201c alte Fischerort Werder.[\/vc_column_text][\/vc_column][vc_column width=&#8220;1\/2&#8243;][vc_column_text]Das Zentrum der Residenzstadt Potsdam bietet Unerwartetes\u2026, wie die \u201eMoschee\u201c, die ein Pumpenhaus ist und die ehemalige Industriebrache an der Schiffbauergasse, die gro\u00dfartig f\u00fcr Kunst und Kultur erschlossen wurde. Last but not least das wieder entstehende Stadtschloss im historischen Ensemble von Nikolaikirche und Altem Rathaus. Erst wenn man Potsdam vom Wasser aus gesehen hat, kann man sagen, dass sich einem diese reizvolle Insel-Stadt erschlie\u00dft![\/vc_column_text][\/vc_column][\/vc_row][vc_row][vc_column][vc_column_text]<\/p>\nngg_shortcode_1_placeholder\n<p>[\/vc_column_text][\/vc_column][\/vc_row][vc_row anchor=&#8220;3&#8243;][vc_column css=&#8220;.vc_custom_1541079263262{margin-top: 50px !important;}&#8220;][vc_text_separator title=&#8220;Tour 3&#8243; i_icon_fontawesome=&#8220;fa fa-anchor&#8220; i_color=&#8220;custom&#8220; color=&#8220;custom&#8220; add_icon=&#8220;true&#8220; accent_color=&#8220;#294072&#8243; i_custom_color=&#8220;#293f72&#8243;][\/vc_column][\/vc_row][vc_row][vc_column][vc_column_text]<\/p>\n<h2><span style=\"color: #e63f8f;\">Berlin &#8211; auf Spree und Landwehrkanal<\/span><\/h2>\n<p>[\/vc_column_text][\/vc_column][\/vc_row][vc_row][vc_column width=&#8220;1\/2&#8243;][vc_column_text]Wie schrieb bereits vor 120 Jahren Fontane: \u201eEin Vergn\u00fcgen eigner Art ist doch eine Wasserfahrt\u201c. Es gibt wohl kaum eine sch\u00f6nere Art, als Berlin vom Wasser aus zu entdecken. Die Spree durchquert die Innenstadt und legt den G\u00e4sten weltber\u00fchmte Sehensw\u00fcrdigkeiten vor den Bug. So sieht man nicht alle Tage das Schloss Charlottenburg, das Regierungsviertel oder die Museumsinsel aus Kapit\u00e4nsperspektive.[\/vc_column_text][\/vc_column][vc_column width=&#8220;1\/2&#8243;][vc_column_text]Auch der ultramoderne Hauptbahnhof, die Hochh\u00e4user am Potsdamer Platz und das Kanzleramt thronen direkt am Wasser. Der Landwehrkanal f\u00fchrt mitten durch das multikulturelle Kreuzberg und Berlins gr\u00f6\u00dfte innerst\u00e4dtische Parkanlage, den Berliner Tiergarten. Lassen Sie sich an Deck die ber\u00fchmte \u201eBerliner Luft\u201c um die Nase wehen und erkunden Sie die attraktivste Seite der Stadt![\/vc_column_text][\/vc_column][\/vc_row][vc_row][vc_column][vc_column_text]<\/p>\nngg_shortcode_2_placeholder\n<p>[\/vc_column_text][\/vc_column][\/vc_row][vc_row anchor=&#8220;4&#8243;][vc_column css=&#8220;.vc_custom_1541079263262{margin-top: 50px !important;}&#8220;][vc_text_separator title=&#8220;Die &#8222;Sunshine&#8222;&#8220; i_icon_fontawesome=&#8220;fa fa-anchor&#8220; i_color=&#8220;custom&#8220; color=&#8220;custom&#8220; add_icon=&#8220;true&#8220; accent_color=&#8220;#294072&#8243;][\/vc_column][\/vc_row][vc_row][vc_column][vc_column_text]<\/p>\n<h2><span style=\"color: #e63f8f;\">Die Ausstattung der &#8222;Sunshine&#8220;<\/span><\/h2>\n<p>[\/vc_column_text][\/vc_column][\/vc_row][vc_row][vc_column width=&#8220;1\/2&#8243;][vc_column_text]Die \u201eSunshine\u201c ist vom Typ ein Pikmeerkruiser der sehr renommierten holl\u00e4ndischen Werft de Groot. Das Boot ist 13 Meter lang und 4 Meter breit. Der Tiefgang betr\u00e4gt 1,20 Meter; das Gewicht 13 Tonnen (Deck 5 mm, Rumpf 6mm Schiffsbaustahl).&nbsp;Es bietet Platz f\u00fcr 10-12 G\u00e4ste und luxuri\u00f6sen Komfort an Bord.&nbsp;Warmluftheizung &#8211; Komb\u00fcse mit Eisschrank, Elektroherd, Mikrowelle &#8211; Kaffeeautomat[\/vc_column_text][\/vc_column][vc_column width=&#8220;1\/2&#8243;][vc_column_text]und Service f\u00fcr 12 Personen &#8211; Toilette (elektrisch) und Dusche (Heisswasser) &#8211; 24 Volt an Bord (Generator) &#8211; MAN Schiffsdiesel mit 165 PS &#8211; Badeleiter etc. &#8211; <strong>Navigation<\/strong>: GPS, Radar und Seekarten &#8211; <strong>Sicherheitsausr\u00fcstung:<\/strong>EU-Kategorie C: k\u00fcstennahe Gew\u00e4sser &#8211; UKW-Funk -Schwimmwesten auch f\u00fcr Kinder &#8211; Dinghy mit Au\u00dfenborder[\/vc_column_text][\/vc_column][\/vc_row][vc_row type=&#8220;vc_default&#8220; css=&#8220;.vc_custom_1541080643509{margin-bottom: 75px !important;}&#8220;][vc_column][vc_column_text]<\/p>\nngg_shortcode_3_placeholder\n<p>[\/vc_column_text][\/vc_column][\/vc_row]<\/p>\n<\/div>","protected":false},"excerpt":{"rendered":"<p>[vc_row type=&#8220;vc_default&#8220; css=&#8220;.vc_custom_1541086356416{margin-top: 75px !important;}&#8220; anchor=&#8220;#0&#8243;][vc_column][vc_column_text] Bootstouren mit der Motoryacht &#8222;Sunshine&#8220; [\/vc_column_text][\/vc_column][\/vc_row][vc_row][vc_column width=&#8220;1\/2&#8243;][\/vc_column][vc_column width=&#8220;1\/2&#8243;][vc_single_image image=&#8220;257&#8243; img_size=&#8220;full&#8220;][\/vc_column][\/vc_row][vc_row anchor=&#8220;1&#8243;][vc_column css=&#8220;.vc_custom_1541079263262{margin-top: 50px !important;}&#8220;][vc_text_separator title=&#8220;Tour 1&#8243; i_icon_fontawesome=&#8220;fa fa-anchor&#8220; i_color=&#8220;custom&#8220; color=&#8220;custom&#8220; add_icon=&#8220;true&#8220; accent_color=&#8220;#294072&#8243; i_custom_color=&#8220;#293f72&#8243;][\/vc_column][\/vc_row][vc_row][vc_column][vc_column_text] Potsdam &#8211; 7 Seen Rundfahrt [\/vc_column_text][\/vc_column][\/vc_row][vc_row][vc_column width=&#8220;1\/2&#8243;][vc_column_text]Der Wasserweg von der zauberhaften Landeshauptstadt Potsdam in die Metropole Berlin gleicht einer Zeitreise durch die glanzvolle Geschichte Preu\u00dfens. An&hellip;<\/p>\n","protected":false},"author":1,"featured_media":0,"parent":0,"menu_order":0,"comment_status":"closed","ping_status":"closed","template":"","meta":{"ngg_post_thumbnail":0,"footnotes":""},"_links":{"self":[{"href":"https:\/\/events-tours.de\/index.php?rest_route=\/wp\/v2\/pages\/12"}],"collection":[{"href":"https:\/\/events-tours.de\/index.php?rest_route=\/wp\/v2\/pages"}],"about":[{"href":"https:\/\/events-tours.de\/index.php?rest_route=\/wp\/v2\/types\/page"}],"author":[{"embeddable":true,"href":"https:\/\/events-tours.de\/index.php?rest_route=\/wp\/v2\/users\/1"}],"replies":[{"embeddable":true,"href":"https:\/\/events-tours.de\/index.php?rest_route=%2Fwp%2Fv2%2Fcomments&post=12"}],"version-history":[{"count":39,"href":"https:\/\/events-tours.de\/index.php?rest_route=\/wp\/v2\/pages\/12\/revisions"}],"predecessor-version":[{"id":449,"href":"https:\/\/events-tours.de\/index.php?rest_route=\/wp\/v2\/pages\/12\/revisions\/449"}],"wp:attachment":[{"href":"https:\/\/events-tours.de\/index.php?rest_route=%2Fwp%2Fv2%2Fmedia&parent=12"}],"curies":[{"name":"wp","href":"https:\/\/api.w.org\/{rel}","templated":true}]}}